f 567 and q.
21
Suppose k + 2*g - 3*g - 9 = 0, k + 4*g = 29. Let u = 132 + -122. Let z = u - -133. What is the highest common factor of k and z?
13
Suppose 5*n - 3*z = -306 + 48, -4*n - 196 = -5*z. Let a = -42 - n. Calculate the greatest common factor of 12 and a.
12
Let v be (-52*1/10)/(2/(-60)). Calculate the greatest common factor of v and 60.
12
Let r be (64/12)/4*6. Let m be (-2)/r + 281/4. Let b be 3*14*60/m. What is the greatest common divisor of b and 4?
4
Let i be 115/15 + 2/(-3). Calculate the highest common divisor of 427 and i.
7
Let r be 3/((-1)/(-3 - 1)). Suppose -2*t = -4*j - 104, 0 = 5*t + 4*j - 9*j - 280. What is the highest common factor of r and t?
12
Suppose 109 = 14*p - 5687. Calculate the highest common factor of 46 and p.
46
Suppose -4*f + 27 = -2*z - 7, 2*f = 3*z + 19. Let b be ((-9)/(9/f))/1. Let t = 0 - b. Calculate the greatest common divisor of 4 and t.
4
Suppose -16*n = -28 - 20. Calculate the greatest common factor of 15 and n.
3
Let w(v) = -v**3 + 10*v**2 - 6*v - 3. Let t be w(9). Suppose 9 = 3*s, 0*s - 13 = -4*z + s. What is the highest common factor of z and t?
4
Let f = -209 - -215. What is the highest common divisor of f and 420?
6
Let z(o) = 10*o**2 - o + 3. Let c be z(3). Let q = 160 - 130. Calculate the greatest common divisor of q and c.
30
Let v(b) = -31*b - 16. Let k be v(-3). Calculate the greatest common factor of 7 and k.
7
Let t be ((-99)/55)/(1/(-5)). Let b = t + 31. What is the greatest common divisor of 10 and b?
10
Suppose -72*s + 980 + 460 = 0. Calculate the highest common factor of 50 and s.
10
Let b(f) = -f + 5. Let m(x) = 2*x + 1. Let h(d) = -b(d) - 5*m(d). Let v be h(-3). Calculate the highest common divisor of v and 85.
17
Let z be ((-2)/(-3))/(1/3). Let j(h) = -h**3 + 4*h**2 + 4*h + 4. Let w be j(5). Let b be ((-68)/4)/(-1) + w. What is the highest common divisor of b and z?
2
Suppose 0 = -2*h + t + 76, 5*t - 10 - 90 = -2*h. What is the highest common factor of h and 130?
10
Let w be (-633)/(-1*(0 + 1)). Suppose 2*g = -g + w. Suppose 5*q + 205 = 4*x, -4*x + g = -3*q - 0*q. What is the highest common divisor of 11 and x?
11
Let k(q) = 6*q**2 + 27*q + 27. Let a be k(-1). Calculate the highest common divisor of a and 318.
6
Let c be ((-1)/3)/((-6)/18). Let d be -9 + 11 + c/1. Let j(y) = 2*y - 5. Let p be j(d). Calculate the highest common divisor of p and 9.
1
Let l = 2095 - 1474. Calculate the highest common factor of 23 and l.
23
Let t be -58*5/15*-3. Suppose -5*o + t = 28. What is the greatest common divisor of 15 and o?
3
Suppose 0 = 2*c + 2*h - 550, 5*c - 6*c = -5*h - 263. Calculate the highest common divisor of c and 105.
21
Let c(g) = -5*g**2 + 22*g**2 + 0*g + g**3 + 14*g + 24. Let o be c(-16). What is the highest common factor of o and 7?
7
Suppose -3*z + 948 = -z - 4*t, 3*z - 1377 = -3*t. What is the greatest common divisor of 116 and z?
116
Suppose 10*g - 5*g = 605. Let a = g - -152. What is the highest common divisor of 39 and a?
39
Let d(r) = 308*r - 1771. Let z be d(6). Let n be (7/4)/((-1)/(-4)). What is the greatest common factor of z and n?
7
Suppose -3*a + 2*a = -3*y + 2938, a = y - 980. Let s be (2/12)/1 - y/(-66). What is the greatest common divisor of s and 120?
15
Let v = -38 + 53. Suppose -p + 4 = b - 9, -4*b = -5*p - 70. Calculate the greatest common factor of v and b.
15
Let t(o) = o - 6. Let m be t(1). Let f = 77 + m. What is the greatest common factor of 9 and f?
9
Let r = 3 + -7. Let v be (3 + 1)*(-3)/r. Let j = -23 - -25. What is the highest common divisor of j and v?
1
Suppose 0 = -39*q - 1425 + 7392. Calculate the greatest common divisor of q and 255.
51
Let j(h) = -4*h - 27. Let u be j(-28). What is the highest common divisor of 34 and u?
17
Let q(p) = -14*p + 15. Let z be q(0). Suppose -3*v = 2*i - 71 - 27, 2*v - 4*i - 44 = 0. Calculate the highest common divisor of v and z.
15
Suppose 3*l - 4*l = c, 0 = -3*l + 4*c + 28. Let w be 25/(-6 + l + 3). Calculate the highest common factor of w and 75.
25
Let u = -3393 - -3401. Suppose 0 = -2*j + 151 - 53. Suppose -2*g + j = 9. Calculate the greatest common divisor of g and u.
4
Let b be (-13 - -70)*(-4)/(-3). Suppose k - 2*v + b = 5*k, -3*k + 60 = 3*v. Calculate the highest common factor of 198 and k.
18
Suppose 3*k - 3430 = 9*m - 4*m, -4*k + m + 4596 = 0. Suppose 9*z - 110 = k. Calculate the greatest common divisor of z and 20.
20
Let a = 76 - 73. Suppose -4*b = 3*o - 160, 80 = -a*b + 5*b - 4*o. What is the highest common divisor of b and 140?
20
Suppose 0 = 12*h - 1294 + 238. What is the highest common divisor of 154 and h?
22
Let h(i) = -9*i - 2*i**2 - 5 - 9*i + 6 - 4*i. Let s be h(-11). What is the greatest common divisor of s and 1?
1
Let y be -1 - (16/(-4))/(-1). Let x be (20/y)/(-2)*2. Suppose -5*l + 4*i = 11, -l + 0 - 3 = -i. Calculate the greatest common factor of l and x.
1
Let v(b) = -b**3 + 9*b**2 + 6*b - 8. Let x(o) = o + 1. Let q be x(6). Let a be v(q). What is the greatest common divisor of a and 12?
12
Suppose 4*g + g - 90 = 0. Suppose 2*z - 104 = 148. What is the greatest common divisor of g and z?
18
Let r = 1045 + -1025. Let m be -4 - 0 - 0/(-1). Let w be 4*((-75)/r - m). Calculate the greatest common divisor of 3 and w.
1
Suppose -4*l + 413 + 2447 = 0. What is the highest common divisor of 110 and l?
55
Let y = 3 + -2. Let k be 3/(y/(4/6)). Suppose 2*c = -4, -k*j - 5*c + 170 = 2*j. What is the highest common divisor of 9 and j?
9
Let s be 9819/81 + (-4)/18. Suppose m - s = -30. What is the greatest common factor of 13 and m?
13
Suppose 2*w + 4*y = -y - 6, y = 2*w + 6. Let v be ((-2)/w)/((-6)/18). Let b be -1 - v/1 - 0. Calculate the greatest common divisor of b and 1.
1
Let g be 23/5 + (-4)/(-10). Suppose 0 = -52*x + 64*x - 660. Calculate the highest common divisor of g and x.
5
Let m(r) = -5*r + 15. Let l(d) = 2*d - 2. Let w(x) = x - 7. Let j be w(4). Let p be l(j). Let i be m(p). Calculate the highest common divisor of 11 and i.
11
Let j = -11 - -32. Let c(k) = 2*k**2 + 19*k + 98. Let q be c(-13). What is the greatest common factor of q and j?
21
Suppose t + 5*u = 3, 5*u + 87 = 4*t - 0*t. Let v = t + -13. Suppose v*y = 2*y + 54. What is the highest common factor of 90 and y?
18
Let v(q) = 9*q - 16. Let s be v(2). Suppose 0 = s*m - m - 44. What is the highest common factor of 22 and m?
22
Let p(a) = -2*a**2 + 12*a + 2. Let t be p(6). Calculate the highest common divisor of t and 50.
2
Let h = 275 - 265. Calculate the greatest common factor of 30 and h.
10
Suppose b + 3*h = 27, -2*b + h + 0 = -26. Let y = 848 + -833. Calculate the greatest common factor of b and y.
15
Let h(m) = 5*m**2 - 2*m + 6. Let s = -1 - -2. Suppose -s = -2*k + 5*w, w - 2 = -2*k + 5. Let r be h(k). What is the highest common factor of r and 30?
15
Suppose -5*u = o - 65, 129 = -2*u + o + 155. Suppose 0 = l + 2 - 0. Let m be l + (-17*7)/(-1). Calculate the highest common factor of m and u.
13
Let l(v) = 65*v - 101. Let i be l(3). What is the greatest common divisor of 235 and i?
47
Suppose 4*s - 1889 - 4629 = -3*z, -8704 = -4*z - 2*s. Suppose z + 990 = 8*k. What is the highest common factor of 44 and k?
44
Suppose 524 = 4*h - 10*k + 6*k, 0 = -3*h + k + 403. Let q(g) = 18*g**2 - g. Let l be q(1). Calculate the greatest common factor of h and l.
17
Let h(p) = 23*p - 4. Let j(v) = -24*v + 5. Let y(f) = 4*h(f) + 3*j(f). Suppose -i = -4*i + 3. Let r be y(i). Calculate the highest common factor of r and 19.
19
Let b(z) = 3 + 3*z**2 - 2*z**2 - 19*z - 25. Let t be b(22). What is the greatest common factor of t and 22?
22
Suppose 3*l - 5*l + 231 = -i, 0 = -5*l + 4*i + 579. Calculate the greatest common factor of 35 and l.
5
Suppose -19*d - 10*d = 20*d - 1666. Suppose -68 = -4*u - 0*u. Calculate the greatest common factor of u and d.
17
Suppose -2*x - 2*j + 28 = 14, 5*j = -x + 3. Calculate the greatest common divisor of x and 8.
8
Suppose 0 = 5*j + 25, 3*j = z - 1335 + 147. What is the highest common divisor of z and 51?
51
Let a = -371 + 409. What is the highest common factor of 57 and a?
19
Suppose -5*a = -10, 4*u - 6*a = -4*a + 76. Calculate the greatest common divisor of 28 and u.
4
Let l be ((-242)/(-3))/(-2) + 1/3. Let s = -26 - l. What is the highest common factor of s and 2?
2
Suppose -3*y + 6 = -93. Let l = 46 - y. What is 